)) + (-1 - -4).
-11
Evaluate 4 - (-4 + 4 - -4).
0
Evaluate -1 - -12 - 0 - (1 - -1) - 4.
5
Evaluate -2 - (13 + -3 - 8).
-4
Evaluate -15 + (14 - (8 + -7)).
-2
-13 + 1 + -3 + 3 - (30 + -34)
-8
23 + -5 + -9 - (0 - -8)
1
(-1 + -8 - -1) + 2 - (118 - 121)
-3
Evaluate -15 + 11 - (-1 + -7 - -11).
-7
Evaluate 403 + -398 - (-9 - 0).
14
Calculate (32 - (43 + -20)) + (-4 - (1 - 1)).
5
Evaluate 8 + (16 + -8 - 26) + (-11 - -2).
-19
What is 1 + 2 + (12 - (-12 + 25))?
2
Evaluate 2 + -12 - (5 - (35 - 15)).
5
What is -6 - 2 - (-136 + 114)?
14
What is the value of -3 + 2 - (-64 + 71)?
-8
Calculate -17 + 20 + -15 - -1.
-11
(15 - (-5 - -2)) + -2 - 2
14
Evaluate (1 - ((6 - 7) + 2)) + -1.
-1
-2 + 0 + -1 + 2 - (-106 - -114)
-9
Evaluate -7 + 71 + 19 + -53.
30
Evaluate (-3 - 1) + (-39 - -40) + -6 + -2.
-11
What is 3 - -13 - (100 - 110) - 13?
13
Calculate (0 - (-8 - -6) - -20) + -5 + -2.
15
What is -13 - (1 - (-19 - (4 - 13))) - -6?
-18
Calculate (-15 - -15) + 2 + -1 + (-1 - 2).
-2
Evaluate 1 + -2 - 0 - (1291 + -1302).
10
What is the value of 22 + 0 + -470 + 437?
-11
What is the value of -43 - (6 - 13 - 15)?
-21
7 + 25 - (-40 + 58)
14
(-12 - (9 - (7 - -1) - -4)) + 0
-17
Evaluate 0 - (9 + 10 + (14 - (12 - 7))).
-28
-10 - -10 - (-12 + (-8 - -10))
10
What is (-178 - -196) + (0 - (-1 - -11))?
8
Calculate 1 + 1 - (145 - 134).
-9
-343 - -310 - (-24 + -2)
-7
27 + 7 + 15 + -30
19
Evaluate 2 + (23 - 28) + 2 + 0.
-1
What is -6 + 0 + (15 - (24 - 14))?
-1
Evaluate 12 + (-7 - 29) + 13.
-11
What is (-32 + 33 - -10 - (0 - -11)) + 2?
2
Evaluate 2 + 0 - (-42 + 41).
3
2 + (15 + -6 - -10) + -10 + 8
19
Evaluate 33 - ((-7 - -3) + -45 + 41).
41
What is the value of (3 - (-29 - -17)) + -9?
6
Evaluate (-24 - (-28 + 18)) + 32 + -5.
13
What is the value of (4 - (-2 + 1)) + (-122 - -108)?
-9
What is the value of (-6 - 0) + 6 - -5 - 19 - -6?
-8
What is -1 - -1 - (11 - (30 - 6))?
13
What is 0 + 6 - (0 + 19 + -20)?
7
What is -4 - (5 - -2) - (12 + -30)?
7
What is (-6 + -8 - -16) + 1 + 1 + -10?
-6
14 + 10 + -14 - 7
3
What is the value of -17 - (1 + 20 + -10)?
-28
Calculate 0 + -6 - (-28 + 42 + 1 + -13).
-8
7 - ((-6 + 11 + 0 - -3) + -8)
7
What is the value of (1 - (-2 + 14)) + 107 + -105?
-9
(2 - -4) + (5 - (-17 + 26))
2
(-1 - (-16 + 13)) + -11 + -1 + -1
-11
Calculate (6 - 3) + (-30 - -15) + (32 - 4).
16
2 + (2 + (-18 - -9) - -6)
1
What is the value of 8 - (19 - 7 - -4)?
-8
What is the value of 5 + 7 + 2 + -21 + -20?
-27
Calculate -5 + -3 + 0 - (-33 - (-49 - -34)).
10
What is the value of -6 + -38 - -26 - (-11 + 1) - -27?
19
What is the value of -8 - (-6 + (-11 - -17) - (-13 - -4))?
-17
Evaluate 2 + -15 + (16 - (2 - -5)).
-4
Evaluate (-590 - -593) + -3 + -26.
-26
What is -20 - (2 + -1 + 6 - 12)?
-15
Calculate 33 + (0 + 3 - (92 - 79)).
23
What is (11 - 17 - (2 + -3 + 1)) + 1?
-5
(16 - -1) + -14 + 4
7
Evaluate (-2 - -23) + -43 + 27.
5
What is -5 + (12 + (0 - 15) - -11)?
3
Calculate -10 + 19 + -6 + -5 - (-6 + 1).
3
What is (2 - -9) + (-185 - -159)?
-15
What is the value of (-21 - -32) + (9 - 53) + 12?
-21
What is the value of -1 + -32 + (1 + -1 - (10 + -21))?
-22
What is -6 + 3 + 3 - (-13 + 2 + 29)?
-18
2 + 0 + (-6 - (-14 + -7))
17
-5 + (20 - 10) - 12
-7
What is the value of (5 - -6) + -4 + 9 + -14?
2
Evaluate -26 + 22 + 8 + -7.
-3
Calculate (-8 - ((8 - 15) + 6 - 3)) + -6.
-10
13 + -3 + -47 + (10 - -2)
-25
What is -1 - -13 - 3 - (-95 - -88)?
16
What is the value of 2 + 2 - (7 + (2 - 7 - 0))?
2
Evaluate 4 + -1 - ((-6 - -1) + 5 + -1).
4
What is the value of -5 + 0 + 3 + 24?
22
Evaluate -30 + (35 + 7 - 8).
4
What is the value of 1 - (-5 + (-6 + 1 - (0 + -4)))?
7
Calculate 7 - 5 - (-11 + 6 - 0).
7
What is (99 - 99) + (-22 - -2)?
-20
What is -9 - (-1 + 6) - -8 - 2?
-8
Evaluate (-5 - -20) + -9 - -29 - (4 + 2).
29
What is the value of -3 - (-5 - -19 - (9 + -4))?
-12
What is 6 + -1 + (31 - 70)?
-34
-22 - (3 + (6 - 16))
-15
Evaluate -3 + (9 - (-20 + (7 - -3))).
16
8 + (-26 - (-6 - (7 - 15))) + 1
-19
What is (-5 - -2) + 84 + -85 - 2?
-6
Calculate (-21 - -32 - 26) + 23.
8
9 + -27 - (-5 + 2 + (-5 - -8))
-18
Evaluate -3 + -5 - ((14 - (1 - 1)) + 11).
-33
Evaluate (-2 - (10 + -20 + 5)) + 7.
10
Calculate -7 + 0 + -79 + 76 - -12.
2
What is the value of 0 + 6 + 12 - (-4 + -2 + 2)?
22
Evaluate 32 + (-25 - 2) - 9.
-4
Evaluate (12 - 46) + 14 + 11.
-9
Calculate 5 + -2 + 30 + -8.
25
What is (-81 - -84) + (2 - (-8 + 4 + 9))?
0
-3 + (-18 + 15 - -14)
8
8 - (13 - (9 + 5))
9
Calculate -1 + (-80 - -81 - (8 + 0)).
-8
Calculate -8 + -2 + (4 - -1 - -3 - 1).
-3
What is (28 - 60) + -4 + (4 - (-2 - 6))?
-24
13 + (2 - (7 - (8 + -24)))
-8
2 + (-9 + (-13 - -3 - -5) - -4)
-8
What is 1 + -2 - (36 - (-10 + 36))?
-11
What is the value of -9 - 2 - 7 - -9 - -29?
20
Calculate (-1 + -4 - -6) + (-5 - -3 - 12).
-13
What is -3 - 0 - ((-6 + -7 - -1) + -14)?
23
27 + 2 + 165 + -189
5
3 + -20 + 26 + -12
-3
What is -5 - (-20 + -2 + 3) - 11?
3
What is -8 + (24 - 5) - 7?
4
Calculate 1 + 0 + -10 - (-1 - 12).
4
Calculate 1 + -13 - (-3 + 11) - (4 - -5).
-29
Calculate -18 + 18 + -25 + 17 + -4.
-12
What is 20 + -11 + 5 + (-3 - 3)?
8
What is the value of (3 - -4) + 1 + -57 + 61?
12
-13 - (-27 - -14) - (-1 + 9) - 3
-11
Calculate (-31 - -35) + (-17 - (-6 - -1)).
-8
12 - -5 - (18 + (6 - 44))
37
Evaluate -25 - (-27 + -16 + 17).
1
Evaluate 7 + 20 - 21 - (-1 + 15).
-8
What is -14 + 3 - (-14 - ((9 - 31) + 10))?
-9
What is 10 + (5 + -11 - 8)?
-4
Evaluate -1 + -18 - ((-22 - -31) + -1).
-27
What is the value of 16 - (17 + -15 - -13)?
1
What is the value of (-2 - (9 - 3)) + 7?
-1
What is -1 + 13 + -382 + 365 - (-25 + 1)?
19
What is 8 + (4 - (-7 - -12)) - 2?
5
What is (2 - 2) + -2 + -3 + (8 - 6)?
-3
16 + 9 + -26 - 3
-4
Evaluate (-2 - -5 - (-25 - -19 - -7)) + -17.
-15
(11 - (-13 - -9 - -9)) + 5
11
What is -32 + -2 + 32 - 11?
-13
What is 13026 + -13036 - (0 - (-1 + 1 + 1))?
-9
What is (-65 - -55 - (2 - 12)) + -15 + -1?
-16
Calculate 3 + 4 - (1 - (-13 + (11 - 4))).
0
Evaluate 7 - (5 + -11 - 20 - (-25 + 14)).
22
Evaluate (0 - -4) + 0 - (69 - 82).
17
What is 11 + -2 + -10 - (-8 - 4)?
11
What is (-11 - -7) + -2 + (-3 - (0 + -5))?
-4
Calculate -2 + (-4 - -23) - (3 + -1 + 5).
10
What is the value of (-3 - -44) + -46 - 2?
-7
-26 + 28 + -6 + -6 + -19
-29
-3 + 4 + -12 - (-2 - (-20 + 25))
-4
(-46 - -81) + -33 + -1
1
11 + (-8 - 2 - -9)
10
Calculate (29 - 14) + 2 + -13.
4
Calculate -19 - -6 - (35 - 61).
13
What is -11 + 4 - (-13 - -19)?
-13
Calculate (6 + 2 - -14) + -10 - (-21 + -3).
36
What is the value of -1 + (-3 + 2 - 1) + 32 + -10?
19
What is -8 - ((-3 - -9) + -17)?
3
8 + (-11 - (-6 + (-15 - -8)))
10
Calculate 22 + -15 + 6 + -16 + 32.
29
What is the value of -9 + 11 + -29 - -23?
-4
What is the value of (-6 - (-14 - (-4 + 7))) + 9?
20
-1 + (11 - 21 - -17)
6
Evaluate (-48 - -66 - -3) + -58.
-37
-10 + -5 + 1 - (-52 - -14)
24
Calculate 13 - 0 - (168 - 167).
12
What is -13 - (-3 - (15 + (-11 - -13)))?
7
What is -5 + (110 - 115) + 1 + 11?
2
Calculate -15 - (18 + (-8 - 7)).
-18
Evaluate -41 + 17 + 18 + -4 + -2.
-12
What is the value of 29 + 17 + -14 + -18?
14
Calculate (3 - -10) + -5 + -5 - (22 + 4).
-23
Evaluate 3 + (4 - (4 + 1)) + -9.
-7
What is the value of (-44 - -36) + (15 - 6)?
1
Calculate (33 - 29) + 20 - 22.
2
Calculate -14 + (16 - 1) - 8.
-7
Calculate -7 - (-1 + 10 + (-10 - -5) + 2).
-13
Evaluate 30 + 1 + 5 + -1 + -2917 + 2916.
34
-2 - -1 - ((9 - 2 - 9) + 13)
-12
Evaluate (-12 + 8 - (-4 + 10)) + -9.
-19
What is the value of -9 - (2 + 0 + -5 + 6 + 3)?
-15
Evaluate -8 + 8 + (16 - 0 - (-7 - -12)).
11
What is the value of -11 + (43 - 44) + 44?
32
What is the value of 11 + 69 + -71 + 2 + -6?
5
What is -15 - -7 - (31 + -31 + 0 + -13)?
5
What is the value of 9 + 1 + (-67 - -34)?
-23
What is the value of (20 - 1) + (-29 - (-24 - -2)) - 10?
2
Calculate (37 - 0) + -3 + -109 + 97.
22
Evaluate 7 - ((-5 - 0) + 4 + -1 + 3).
6
Calculate 323 - 302 - (13 + -2).
10
Evaluate -14 + 1 + 0 + -7.
-20
Calculate -6 + -2 + (13 - 4) - -6.
7
(-5 - 3 - (9 - (-1 + 21))) + 26
29
What is (-8 - -2) + 1 + 5 + 2?
2
What is the value of -1 + 9 + -57 + 39?
-10
15 - (-2 + (-9 - -12) + -4)
18
Evaluate (2 - 19) + (55 - 41).
-3
What is the value of (-7 - -2) + 4 + 0 - (-1 + -7)?
7
Evaluate 3 - 5 - ((-19 - -32) + -4 + 6).
-17
Calculate 317 + -328 - (-1 + 0 + 22).
-32
What is 6 - (7 + (-29 - -17))?
11
Evaluate 1 + 4 + -6 +